{"id":121,"date":"2022-11-01T19:53:54","date_gmt":"2022-11-01T18:53:54","guid":{"rendered":"https:\/\/test.chezfle.ch\/?page_id=121"},"modified":"2022-11-11T19:32:11","modified_gmt":"2022-11-11T18:32:11","slug":"sponsoren","status":"publish","type":"page","link":"https:\/\/test.chezfle.ch\/?page_id=121","title":{"rendered":"Sponsoren"},"content":{"rendered":"<p>[et_pb_section fb_built=&#8220;1&#8243; _builder_version=&#8220;4.18.0&#8243; _module_preset=&#8220;default&#8220; background_color=&#8220;#000000&#8243; global_colors_info=&#8220;{}&#8220;][et_pb_row _builder_version=&#8220;4.18.0&#8243; _module_preset=&#8220;default&#8220; global_colors_info=&#8220;{}&#8220;][et_pb_column type=&#8220;4_4&#8243; _builder_version=&#8220;4.18.0&#8243; _module_preset=&#8220;default&#8220; global_colors_info=&#8220;{}&#8220;][et_pb_text _builder_version=&#8220;4.18.0&#8243; _module_preset=&#8220;default&#8220; text_text_color=&#8220;#FFFFFF&#8220; global_colors_info=&#8220;{}&#8220;]<\/p>\n<h1><span style=\"color: #ffffff;\">Sponsoren<\/span><\/h1>\n<p>[\/et_pb_text][\/et_pb_column][\/et_pb_row][et_pb_row _builder_version=&#8220;4.18.0&#8243; _module_preset=&#8220;default&#8220; global_colors_info=&#8220;{}&#8220;][et_pb_column type=&#8220;4_4&#8243; _builder_version=&#8220;4.18.0&#8243; _module_preset=&#8220;default&#8220; global_colors_info=&#8220;{}&#8220;][et_pb_text _builder_version=&#8220;4.18.0&#8243; _module_preset=&#8220;default&#8220; global_colors_info=&#8220;{}&#8220;]<\/p>\n<p><span style=\"color: #ffffff;\">An dieser Stelle bedanken wir uns herzlich bei unseren zahlreichen Sponsoren f\u00fcr die treue und grossz\u00fcgige Unterst\u00fctzung.<\/span><br \/><span style=\"color: #ffffff;\">Dank diesem wertvollen Sponsoring gelingt es uns weiterhin, musikalische Top-Leistungen zu vollbringen.<\/span><\/p>\n<p><span style=\"color: #ffffff;\">*<em>husten<\/em>* ,*<em>husten<\/em>* &amp; *<em>r\u00e4uspern<\/em>*<\/span><\/p>\n<p><span style=\"color: #ffffff;\">Vielen Dank!<\/span><\/p>\n<p>[\/et_pb_text][\/et_pb_column][\/et_pb_row][et_pb_row _builder_version=&#8220;4.19.0&#8243; _module_preset=&#8220;default&#8220; column_structure=&#8220;1_2,1_2&#8243;][et_pb_column _builder_version=&#8220;4.19.0&#8243; _module_preset=&#8220;default&#8220; type=&#8220;1_2&#8243;][et_pb_image src=&#8220;https:\/\/test.chezfle.ch\/wp-content\/uploads\/2022\/11\/logo_LouisXIV_white-01_180x.webp&#8220; title_text=&#8220;Lois XIV&#8220; url=&#8220;https:\/\/www.louisxivenergy.com\/&#8220; url_new_window=&#8220;on&#8220; align=&#8220;center&#8220; _builder_version=&#8220;4.19.0&#8243; _module_preset=&#8220;default&#8220; background_color=&#8220;#000000&#8243; hover_enabled=&#8220;0&#8243; global_colors_info=&#8220;{}&#8220; sticky_enabled=&#8220;0&#8243; width=&#8220;22%&#8220;][\/et_pb_image][et_pb_text _builder_version=&#8220;4.18.0&#8243; _module_preset=&#8220;default&#8220; link_option_url=&#8220;https:\/\/www.louisxivenergy.com\/&#8220; link_option_url_new_window=&#8220;on&#8220; global_colors_info=&#8220;{}&#8220;]<\/p>\n<p style=\"text-align: center;\"><a href=\"https:\/\/www.louisxivenergy.com\/\" target=\"_blank\" rel=\"noopener\">World of Louis XIV<\/a><\/p>\n<p>[\/et_pb_text][et_pb_image src=&#8220;https:\/\/test.chezfle.ch\/wp-content\/uploads\/2022\/11\/ictlogo.png&#8220; title_text=&#8220;ictlogo&#8220; align=&#8220;center&#8220; _builder_version=&#8220;4.19.0&#8243; _module_preset=&#8220;default&#8220; width=&#8220;19%&#8220; hover_enabled=&#8220;0&#8243; global_colors_info=&#8220;{}&#8220; sticky_enabled=&#8220;0&#8243;][\/et_pb_image][et_pb_text _builder_version=&#8220;4.18.0&#8243; _module_preset=&#8220;default&#8220; global_colors_info=&#8220;{}&#8220;]<\/p>\n<p style=\"text-align: center;\"><a href=\"https:\/\/ictsupport.ch\/\" target=\"_blank\" rel=\"noopener\">&#8230; im Fall g\u00e4big!<\/a><\/p>\n<p>[\/et_pb_text][\/et_pb_column][et_pb_column _builder_version=&#8220;4.19.0&#8243; _module_preset=&#8220;default&#8220; type=&#8220;1_2&#8243;][et_pb_image src=&#8220;https:\/\/test.chezfle.ch\/wp-content\/uploads\/2022\/11\/empower_Logo.png&#8220; title_text=&#8220;empower_Logo&#8220; _builder_version=&#8220;4.19.0&#8243; _module_preset=&#8220;default&#8220; hover_enabled=&#8220;0&#8243; global_colors_info=&#8220;{}&#8220; width=&#8220;49%&#8220; sticky_enabled=&#8220;0&#8243;][\/et_pb_image][et_pb_text _builder_version=&#8220;4.18.0&#8243; _module_preset=&#8220;default&#8220; global_colors_info=&#8220;{}&#8220;]<\/p>\n<p><a href=\"https:\/\/empowersolutions.ch\" target=\"_blank\" rel=\"noopener\">Your partner for wealth, health and engineering&#8230;.<\/a><\/p>\n<p>[\/et_pb_text][et_pb_image src=&#8220;https:\/\/test.chezfle.ch\/wp-content\/uploads\/2022\/11\/AZ_Logo_190607_RGB-scaled-1.jpg&#8220; title_text=&#8220;AZ_Logo_190607_RGB-scaled&#8220; url=&#8220;https:\/\/az-steuern.ch\/&#8220; url_new_window=&#8220;on&#8220; _builder_version=&#8220;4.19.0&#8243; _module_preset=&#8220;default&#8220; hover_enabled=&#8220;0&#8243; global_colors_info=&#8220;{}&#8220; width=&#8220;55%&#8220; sticky_enabled=&#8220;0&#8243;][\/et_pb_image][et_pb_text _builder_version=&#8220;4.18.0&#8243; _module_preset=&#8220;default&#8220; link_option_url=&#8220;https:\/\/az-steuern.ch\/&#8220; link_option_url_new_window=&#8220;on&#8220; global_colors_info=&#8220;{}&#8220;]<\/p>\n<p><a href=\"https:\/\/az-steuern.ch\/\" target=\"_blank\" rel=\"noopener\">Zimmermann macht\u2019s \u2013 flexibel und pers\u00f6nlich.<\/a><\/p>\n<p>[\/et_pb_text][et_pb_image src=&#8220;https:\/\/test.chezfle.ch\/wp-content\/uploads\/2022\/11\/cropped-BottinelliSculpt-breitformat-e1522921368965-2-300&#215;47-1.jpg&#8220; title_text=&#8220;cropped-BottinelliSculpt-breitformat-e1522921368965-2-300&#215;47&#8243; url=&#8220;https:\/\/bottinellisculpt.ch\/&#8220; url_new_window=&#8220;on&#8220; _builder_version=&#8220;4.19.0&#8243; _module_preset=&#8220;default&#8220; hover_enabled=&#8220;0&#8243; global_colors_info=&#8220;{}&#8220; sticky_enabled=&#8220;0&#8243;][\/et_pb_image][et_pb_text _builder_version=&#8220;4.18.0&#8243; _module_preset=&#8220;default&#8220; global_colors_info=&#8220;{}&#8220;]<\/p>\n<p><a href=\"https:\/\/bottinellisculpt.ch\/\" target=\"_blank\" rel=\"noopener\">Wir entwerfen, skizzieren, modellieren, giessen und formen.<\/a><\/p>\n<p>[\/et_pb_text][\/et_pb_column][\/et_pb_row][\/et_pb_section]<\/p>\n","protected":false},"excerpt":{"rendered":"<p>SponsorenAn dieser Stelle bedanken wir uns herzlich bei unseren zahlreichen Sponsoren f\u00fcr die treue und grossz\u00fcgige Unterst\u00fctzung.Dank diesem wertvollen Sponsoring gelingt es uns weiterhin, musikalische Top-Leistungen zu vollbringen. *husten* ,*husten* &amp; *r\u00e4uspern* Vielen Dank!World of Louis XIV&#8230; im Fall g\u00e4big!Your partner for wealth, health and engineering&#8230;.Zimmermann macht\u2019s \u2013 flexibel und pers\u00f6nlich.Wir entwerfen, skizzieren, modellieren, giessen [&hellip;]<\/p>\n","protected":false},"author":1,"featured_media":0,"parent":0,"menu_order":0,"comment_status":"closed","ping_status":"closed","template":"","meta":{"_et_pb_use_builder":"on","_et_pb_old_content":"","_et_gb_content_width":"","footnotes":""},"class_list":["post-121","page","type-page","status-publish","hentry"],"_links":{"self":[{"href":"https:\/\/test.chezfle.ch\/index.php?rest_route=\/wp\/v2\/pages\/121","targetHints":{"allow":["GET"]}}],"collection":[{"href":"https:\/\/test.chezfle.ch\/index.php?rest_route=\/wp\/v2\/pages"}],"about":[{"href":"https:\/\/test.chezfle.ch\/index.php?rest_route=\/wp\/v2\/types\/page"}],"author":[{"embeddable":true,"href":"https:\/\/test.chezfle.ch\/index.php?rest_route=\/wp\/v2\/users\/1"}],"replies":[{"embeddable":true,"href":"https:\/\/test.chezfle.ch\/index.php?rest_route=%2Fwp%2Fv2%2Fcomments&post=121"}],"version-history":[{"count":14,"href":"https:\/\/test.chezfle.ch\/index.php?rest_route=\/wp\/v2\/pages\/121\/revisions"}],"predecessor-version":[{"id":247,"href":"https:\/\/test.chezfle.ch\/index.php?rest_route=\/wp\/v2\/pages\/121\/revisions\/247"}],"wp:attachment":[{"href":"https:\/\/test.chezfle.ch\/index.php?rest_route=%2Fwp%2Fv2%2Fmedia&parent=121"}],"curies":[{"name":"wp","href":"https:\/\/api.w.org\/{rel}","templated":true}]}}